 16*o - 2*n - 329355 = 0, -987995 = -3*o - 4*n. Is o a composite number?
True
Let j(t) = 43*t**3 + 21*t**2 - 32*t - 115. Is j(21) a composite number?
False
Let n(f) = f**3 + 4*f**2 - 3*f + 12. Let l be n(-5). Let z(t) = 15*t - 8*t - 4*t - l + 0 + 5*t**2. Is z(-3) a prime number?
False
Suppose 2*s + d - 16 = 2*d, 4*s - 4*d = 32. Let f be (2*2/s)/(1/1556). Suppose 2*u = u + f. Is u prime?
False
Suppose -5*p + 90038 = w, -2*w + 49845 - 13833 = 2*p. Suppose 0 = -17*v + 25*v - p. Is v composite?
False
Suppose -145643 = 505*x - 491*x - 1177345. Is x composite?
False
Let k = 1380062 - 945447. Is k prime?
False
Let a = -42 + 45. Suppose 2329 = a*h - 896. Suppose 2*k = 767 + h. Is k a composite number?
True
Suppose -3*c + 117770 + 71280 = 2*f, -472667 = -5*f + 3*c. Is f a composite number?
False
Let m = -17060 + 55583. Is m a composite number?
True
Let g = -6479 + 3696. Let d = g + 4310. Is d prime?
False
Let d be ((-61)/2)/(2/56). Suppose -6875 = -5*g - 16*x + 21*x, -2750 = -2*g - 5*x. Let y = g + d. Is y prime?
True
Let q = -2532796 + 4124499. Is q composite?
True
Let k = 70 + -66. Is (-75606)/k*(-8)/12 a prime number?
True
Suppose 4*a - 1 = 5*a, -3*a + 39482 = 5*h. Is h a composite number?
True
Suppose z - 235948 - 13723 = -4*s, -4*s = -5*z + 1248547. Is z composite?
False
Suppose 5*o - 3*q - 30 = 0, o + 4*o + 3*q = 0. Suppose 28 = 4*g + 2*k, -o*k + k = 0. Suppose 6*v - g*v + 85 = 0. Is v a composite number?
True
Suppose -3*r + 5*d - 9 = 0, -2*d + 3 = 3*r - 3*d. Is r*((-19638)/(-12) + -1) a prime number?
True
Is 4*(82/(-615) - (-516027)/90) a prime number?
False
Suppose -37*q + 1670948 + 1208281 = 0. Is q prime?
False
Let k be -24 + 17 + (0 - -288). Let t = k - -2718. Is t a composite number?
False
Is ((-44)/(-132)*(-5)/5)/(1/(-187383)) composite?
True
Let g = -804 + 431. Let u = -739 - -1519. Let t = g + u. Is t prime?
False
Let o = -105519 - -248330. Is o a composite number?
False
Let o(q) = -923*q**3 - 5*q**2 + 2*q + 3. Is o(-2) a composite number?
True
Let s(t) = -t + 11. Let o be s(4). Let w be (-76)/28 - 2/o. Is 4254 + 5 + -3 + w a composite number?
False
Let b(n) = -324*n - 16. Let u be b(-11). Suppose -f = -5*z + u, 697 = z - 4*f + 8*f. Is z a prime number?
True
Suppose 150856 = 13*f - 29148 + 26331. Is f a composite number?
False
Let q(l) = 5*l**2 - 3. Let g(z) = z**2 - 1. Let r(a) = 4*g(a) - q(a). Let m(p) = -4*p**2 - p + 22. Let k(o) = -m(o) + 2*r(o). Is k(13) composite?
True
Suppose 10*c - 25 - 5 = 0. Is ((-14)/10 - c/5) + 2101 prime?
True
Suppose 50*g - 5868 = 44*g. Let f = 1736 - g. Is f a composite number?
True
Let g(l) = 11*l + 4380. Let r be g(0). Let f = -1793 + r. Is f a composite number?
True
Suppose 59*d - 292*d + 2160143 = 0. Is d composite?
True
Let g = 74758 + 41649. Is g prime?
False
Let f(s) = 30*s**3 - 5*s**2 + 6*s - 14. Let p(w) = 15*w**3 - 2*w**2 + 3*w - 7. Let l(g) = -2*f(g) + 5*p(g). Let h = 452 - 449. Is l(h) a prime number?
False
Suppose -4*i = a - 735925, 2*i - 2*a = -76051 + 444031. Is i composite?
True
Let p(c) = 154*c**2 - 5*c - 9. Let i be p(7). Let s = i + -13215. Let y = s - -8346. Is y a composite number?
False
Suppose 482686 + 32818 = 29*k. Let h = -10829 + k. Is h composite?
False
Suppose -75 = 5*d + 5*i, -2*d + 6*i - 3*i = 35. Let m be 15/10 - 22/4. Is 530/(-2 + d/m) a prime number?
False
Let f(d) = -39*d**3 - 36*d**2 + 6*d - 6. Let u be f(-13). Suppose 260432 = 11*y + u. Is y prime?
True
Suppose -27*r - 5*r = -4*r - 925372. Is r a prime number?
True
Let v = 462000 + -270587. Is v prime?
True
Suppose q - 3*w + 3748 = 2*q, -4*q - 4*w = -14960. Let o(a) = -7*a**2 + 37*a - 165. Let p be o(-16). Let g = p + q. Is g a prime number?
True
Let n(j) = -2512*j**3 - 2*j**2 - 13*j - 2. Is n(-3) composite?
False
Let c = -182066 - -292159. Is c prime?
False
Let g(j) = -10*j**3 - 21*j**2 - 5*j + 3. Let h(x) = 22*x**3 + 43*x**2 + 10*x + 2. Let b(p) = 9*g(p) + 4*h(p). Suppose -2*n = 9 + 13. Is b(n) a composite number?
True
Let g be (243/(-2))/(19/(-12426)). Suppose 9*t = g + 27792. Is t a composite number?
True
Let a = 44 - 0. Let p = 60 - a. Suppose -18*t = -p*t - 94. Is t prime?
True
Suppose 26733 = -4*f - 3*f. Let l = 1331 + f. Is l/(-14) - ((-4)/14 + 0) composite?
True
Let s(i) = -i**3 + 17*i**2 - 37*i + 6. Let x be s(11). Let c = x - -666. Is c a prime number?
True
Let y(h) = 26*h**2 + 12*h - 1483. Is y(58) a composite number?
False
Let i be 15*(-1 - 20/(-15)). Suppose -4*p - 4023 - 2782 = -i*c, 5*c = 5*p + 6805. Let f = -832 + c. Is f prime?
False
Let l = -4 + -1. Let i(v) = 214*v**2 - 43*v + 14. Let h(r) = 429*r**2 - 94*r + 29. Let o(y) = -4*h(y) + 9*i(y). Is o(l) a prime number?
False
Let x(o) = -3*o - 2. Let v be x(-2). Suppose -2*w + 4 = -v. Suppose i - 1315 = -w*i. Is i prime?
True
Let l(c) = 3*c - 71. Let a be l(25). Suppose 12 = 2*j + 4*g, -a*g + 26 = -5*j - 0*j. Is (-4)/(-14) - j*(-1905)/(-42) prime?
False
Let a = -122 - -118. Is ((-5199)/(-6))/((-2)/a) a composite number?
False
Let q be 10/((-100)/(-15))*6066. Suppose -29*y + 20*y = -q. Is y composite?
True
Suppose 3*w - 52 = -10*w. Suppose -1641 = -2*n + n + h, -w*n - 5*h = -6564. Is n a prime number?
False
Let v(h) = -2*h**2 - h - 1842. Let s be v(0). Let r = s - -2813. Is r prime?
True
Suppose 4*r = -2*m + 53190, 10*r - 53205 = 6*r - 5*m. Is r a composite number?
True
Let w(p) = -p + 1. Let k(x) = 329*x + 50. Let t(v) = k(v) - 4*w(v). Is t(11) a composite number?
False
Suppose -7*b = -178 + 206. Is (2 + -66964)*b/(6 + 2) a prime number?
False
Let f(z) = -171*z + 35983. Is f(0) a composite number?
False
Let x(u) = -38*u + 66. Let m be x(-12). Suppose -5029 = -r - m. Is r prime?
True
Let a = 394 - 380. Is a/147 - (-429270)/126 a composite number?
False
Let l = -255391 - -611108. Is l prime?
True
Let o(m) = -484*m**3 - m**2 - 3*m + 5. Let k be o(-3). Let i = k - 6552. Is i composite?
False
Let q(n) = 57*n**2 - 4*n - 1 - 6*n + 6. Let k be (-10 - 22)/8 - -8. Is q(k) a composite number?
False
Let a(q) = -4*q + 1170. Let l(o) = -1. Let c(x) = -2*a(x) - 20*l(x). Let k be c(0). Let g = -983 - k. Is g composite?
True
Let w(v) = -5037*v - 820. Is w(-15) a prime number?
False
Let n = 57 - 5. Suppose n = 3*p - 7*p. Let g(y) = -69*y - 44. Is g(p) prime?
True
Let a(f) = f**2 - 7*f + 14. Let p be a(4). Suppose 221153 = p*c + 15*c. Is c a prime number?
True
Let q = -1728838 + 3384399. Is q prime?
False
Suppose 5*s - 91777 = -v, 4*v = 8*v - 8. Is s prime?
False
Is ((-51131)/(-8))/((-45)/(-360)) prime?
True
Let n(m) = 446*m**2 + 39*m + 53. Is n(-14) a composite number?
False
Let s = 1173 + -323. Suppose -m + s = -57. Is 3/(4 - 1)*m a composite number?
False
Suppose 15*c - 26*c = 429. Let z = c + 46. Let f(l) = 4*l**3 + 4*l**2 - l - 18. Is f(z) a prime number?
True
Let x(m) = m**3 - 32*m**2 + 32*m - 21. Let n be x(31). Is 309*15 - (-4)/n*5 composite?
False
Let q = -41 + 55. Let l be ((-22)/(-77))/(1/q). Suppose a + 775 = 2*h, -l*h - 5*a = -0*h - 1571. Is h composite?
False
Let q = 260 - -214. Let c = 871 - q. Suppose 3*u + 2*d = -0*u + c, 533 = 4*u - d. Is u a prime number?
False
Let l(b) = 26*b - 24. Suppose c + 5*c = 78. Let d = -6 + c. Is l(d) composite?
True
Suppose -13*o = -4*o - 666. Suppose 6*u = 4 + o. Let h(n) = 39*n + 20. Is h(u) a prime number?
False
Let s = 814 - 171. Let l = s - -44. Is l a composite number?
True
Let x(a) = 878470*a**2 - 4*a - 7. Is x(-1) a prime number?
True
Let i be (4/((-24)/9))/((-6)/32). Suppose -5*n + i*n = 13710. Is n*(4 - (-35)/(-10)) prime?
False
Suppose 0 = 3*j - 3*w - 6, 2*j - 5*w = -4 + 8. Suppose -3*n + 13745 = 4*c, 0*n - 3*n = j*c - 13747. Is n a composite number?
False
Let k(y) = 676*y - 1139. Is k(8) a composite number?
True
Let k be ((-99)/44 - (-3)/12) + 417. Suppose -7*g + 2*g = 90. Let v = k + g. Is v composite?
False
Let k(b) = -10*b - 15. Let f be k(-2). Let q(l) = l**2 - 10*l + 29. Let d be q(f). Suppose 5*n + 3*t - 818 = 0, n - 816 = -d*n - t. Is n prime?
True
Let v(l) = 85*l**2 + 8*l - 4. Let g = -2 + 13. Suppose -o = -y - 3, -g = -5*o - 5*y + 4. Is v(o) a composite number?
True
Let p(v) = -2*v**2 + 2*v + 5. Let y be p(0). Suppose 3*b + 22 = 3*t + 1, -y*t + 31 = -3*b. Suppose -3*q - 820 = -8*q - t*c, -3 = -c. Is q a composite number?
True
Suppose 6*l = 3*u + 2535201, 0*u - 1267578 = -3*l - 3*u. Is l a composite numb